{"id":714,"date":"2016-02-03T16:57:13","date_gmt":"2016-02-03T16:57:13","guid":{"rendered":"http:\/\/localhost\/ctamega\/?page_id=714"},"modified":"2021-05-19T14:58:10","modified_gmt":"2021-05-19T13:58:10","slug":"tamega-group","status":"publish","type":"page","link":"https:\/\/ctamega.pt\/index.php\/tamega-group\/","title":{"rendered":"T\u00e2mega Group"},"content":{"rendered":"<p>[vc_row type=&#8221;full-width&#8221;][vc_column][rev_slider_vc alias=&#8221;grupo_finertec&#8221;][\/vc_column][\/vc_row][vc_row top_margin=&#8221;page-margin-top-section&#8221;][vc_column]<h2 class=\"box-header\">T\u00c2MEGA GROUP<\/h2>[\/vc_column][\/vc_row][vc_row][vc_column][vc_column_text]<\/p>\n<div style=\"text-align: justify;\">\n<p><strong><em>A T\u00e2mega Engineering \u00e9 uma empresa que faz parte do T\u00e2mega Group. <\/em><\/strong><\/p>\n<p>O <a href=\"http:\/\/tamegagroup.com\/\">T\u00e2mega Group<\/a> foi fundado em 2005 e ao longo dos anos tem vindo a trabalhar com o objetivo de se tornar uma refer\u00eancia internacional em quatro \u00e1reas de neg\u00f3cio: Energia; Ambiente; Engenharia; Constru\u00e7\u00e3o &amp; Infraestruturas.<\/p>\n<p>Possui uma vasta experi\u00eancia nestes sectores de atividade e uma forte presen\u00e7a em v\u00e1rios pa\u00edses do mundo com principal foco em Portugal, Angola, Cabo Verde, Rep\u00fablica do Congo (Brazzaville), Mo\u00e7ambique, Panam\u00e1 e Per\u00fa.<\/p>\n<p>A experi\u00eancia do <a href=\"http:\/\/tamegagroup.com\/\">T\u00e2mega Group<\/a><strong>\u00a0<\/strong>transcende fronteiras, operando num modelo de exporta\u00e7\u00e3o de know-how e estabelecimento de parcerias estrat\u00e9gicas com empresas\u00a0e autoridades locais.<\/p>\n<\/div>\n<p>[\/vc_column_text][\/vc_column][\/vc_row][vc_row][vc_column]<div class=\"announcement clearfix\">\n\t\t\t\t\t<div class=\"vc_row wpb_row vc_row-fluid\">\n\t\t\t\t\t\t<div class=\"vc_col-sm-9 wpb_column vc_column_container\">\n\t\t\t\t\t\t\t<div class=\"vertical-align\">\n\t\t\t\t\t\t\t\t<div class=\"vertical-align-cell sl-small-tick\">\n\t\t\t\t\t\t\t\t\t<h3>CRIAMOS SOLU\u00c7\u00d5ES<\/h3>\n\t\t\t\t\t\t\t\t<\/div>\n\t\t\t\t\t\t\t<\/div>\n\t\t\t\t\t\t<\/div><\/div>\n\t\t\t<\/div>[\/vc_column][\/vc_row][vc_row][vc_column][vc_column_text]<\/p>\n<div style=\"text-align: justify:;\">\n<p>A abrang\u00eancia das atividades realizadas pelas nossas empresas permite desenvolver solu\u00e7\u00f5es \u00e0 medida para os nossos Clientes.<\/p>\n<p>Desde a simples conce\u00e7\u00e3o e constru\u00e7\u00e3o (Design &amp; Build) at\u00e9 modelos mais complexos de estrutura\u00e7\u00e3o financeira (DBO, DBFO, Project Finance, Concess\u00f5es) procuramos desenvolver as melhores solu\u00e7\u00f5es t\u00e9cnicas e financeiras de acordo com as necessidades dos nossos Clientes.<\/p>\n<p>A nossa grande experi\u00eancia nos pa\u00edses africanos, concede-nos\u00a0valor acrescentado diferenciado que nos destaca\u00a0na procura e concretiza\u00e7\u00e3o de solu\u00e7\u00f5es adaptadas e adequadas \u00e0s prioridades e necessidades manifestadas pelos nossos Clientes.<\/p>\n<\/div>\n<p>[\/vc_column_text][\/vc_column][\/vc_row]<\/p>\n","protected":false},"excerpt":{"rendered":"<p>[vc_row type=&#8221;full-width&#8221;][vc_column][rev_slider_vc alias=&#8221;grupo_finertec&#8221;][\/vc_column][\/vc_row][vc_row top_margin=&#8221;page-margin-top-section&#8221;][vc_column][\/vc_column][\/vc_row][vc_row][vc_column][vc_column_text] A T\u00e2mega Engineering \u00e9 uma empresa que faz parte do T\u00e2mega Group. O T\u00e2mega Group foi fundado em 2005 e ao longo dos anos tem vindo a trabalhar com o objetivo de se tornar uma refer\u00eancia internacional em quatro \u00e1reas de neg\u00f3cio: Energia; Ambiente; Engenharia; Constru\u00e7\u00e3o &amp; Infraestruturas. Possui uma vasta<\/p>\n","protected":false},"author":7,"featured_media":0,"parent":0,"menu_order":0,"comment_status":"closed","ping_status":"closed","template":"template-default-without-breadcrumbs.php","meta":{"_exactmetrics_skip_tracking":false,"_exactmetrics_sitenote_active":false,"_exactmetrics_sitenote_note":"","_exactmetrics_sitenote_category":0,"footnotes":""},"class_list":["post-714","page","type-page","status-publish","hentry"],"yoast_head":"<!-- This site is optimized with the Yoast SEO plugin v24.7 - https:\/\/yoast.com\/wordpress\/plugins\/seo\/ -->\n<title>T\u00e2mega Group - T\u00e2mega Engineering<\/title>\n<meta name=\"description\" content=\"A T\u00e2mega Engineering \u00e9 uma empresa que faz parte do T\u00e2mega Group\" \/>\n<meta name=\"robots\" content=\"index, follow, max-snippet:-1, max-image-preview:large, max-video-preview:-1\" \/>\n<link rel=\"canonical\" href=\"https:\/\/ctamega.pt\/index.php\/tamega-group\/\" \/>\n<meta property=\"og:locale\" content=\"pt_PT\" \/>\n<meta property=\"og:type\" content=\"article\" \/>\n<meta property=\"og:title\" content=\"T\u00e2mega Group - T\u00e2mega Engineering\" \/>\n<meta property=\"og:description\" content=\"A T\u00e2mega Engineering \u00e9 uma empresa que faz parte do T\u00e2mega Group\" \/>\n<meta property=\"og:url\" content=\"https:\/\/ctamega.pt\/index.php\/tamega-group\/\" \/>\n<meta property=\"og:site_name\" content=\"T\u00e2mega Engineering\" \/>\n<meta property=\"article:modified_time\" content=\"2021-05-19T13:58:10+00:00\" \/>\n<meta name=\"twitter:card\" content=\"summary_large_image\" \/>\n<meta name=\"twitter:label1\" content=\"Tempo estimado de leitura\" \/>\n\t<meta name=\"twitter:data1\" content=\"1 minuto\" \/>\n<script type=\"application\/ld+json\" class=\"yoast-schema-graph\">{\"@context\":\"https:\/\/schema.org\",\"@graph\":[{\"@type\":\"WebPage\",\"@id\":\"https:\/\/ctamega.pt\/index.php\/tamega-group\/\",\"url\":\"https:\/\/ctamega.pt\/index.php\/tamega-group\/\",\"name\":\"T\u00e2mega Group - T\u00e2mega Engineering\",\"isPartOf\":{\"@id\":\"http:\/\/ctamega.pt\/#website\"},\"datePublished\":\"2016-02-03T16:57:13+00:00\",\"dateModified\":\"2021-05-19T13:58:10+00:00\",\"description\":\"A T\u00e2mega Engineering \u00e9 uma empresa que faz parte do T\u00e2mega Group\",\"breadcrumb\":{\"@id\":\"https:\/\/ctamega.pt\/index.php\/tamega-group\/#breadcrumb\"},\"inLanguage\":\"pt-PT\",\"potentialAction\":[{\"@type\":\"ReadAction\",\"target\":[\"https:\/\/ctamega.pt\/index.php\/tamega-group\/\"]}]},{\"@type\":\"BreadcrumbList\",\"@id\":\"https:\/\/ctamega.pt\/index.php\/tamega-group\/#breadcrumb\",\"itemListElement\":[{\"@type\":\"ListItem\",\"position\":1,\"name\":\"Home\",\"item\":\"http:\/\/ctamega.pt\/\"},{\"@type\":\"ListItem\",\"position\":2,\"name\":\"T\u00e2mega Group\"}]},{\"@type\":\"WebSite\",\"@id\":\"http:\/\/ctamega.pt\/#website\",\"url\":\"http:\/\/ctamega.pt\/\",\"name\":\"T\u00e2mega Engineering\",\"description\":\"Construction Renovation Theme\",\"publisher\":{\"@id\":\"http:\/\/ctamega.pt\/#organization\"},\"potentialAction\":[{\"@type\":\"SearchAction\",\"target\":{\"@type\":\"EntryPoint\",\"urlTemplate\":\"http:\/\/ctamega.pt\/?s={search_term_string}\"},\"query-input\":{\"@type\":\"PropertyValueSpecification\",\"valueRequired\":true,\"valueName\":\"search_term_string\"}}],\"inLanguage\":\"pt-PT\"},{\"@type\":\"Organization\",\"@id\":\"http:\/\/ctamega.pt\/#organization\",\"name\":\"Construtora do T\u00e2mega\",\"url\":\"http:\/\/ctamega.pt\/\",\"logo\":{\"@type\":\"ImageObject\",\"inLanguage\":\"pt-PT\",\"@id\":\"http:\/\/ctamega.pt\/#\/schema\/logo\/image\/\",\"url\":\"http:\/\/ctamega.pt\/wp-content\/uploads\/2016\/03\/Construtora-do-T\u00e2mega-Logo_Tamanho-pequeno.png\",\"contentUrl\":\"http:\/\/ctamega.pt\/wp-content\/uploads\/2016\/03\/Construtora-do-T\u00e2mega-Logo_Tamanho-pequeno.png\",\"width\":736,\"height\":297,\"caption\":\"Construtora do T\u00e2mega\"},\"image\":{\"@id\":\"http:\/\/ctamega.pt\/#\/schema\/logo\/image\/\"},\"sameAs\":[\"https:\/\/www.linkedin.com\/company\/construtora-do-tamega-s-a-?trk=company_logo\"]}]}<\/script>\n<!-- \/ Yoast SEO plugin. -->","yoast_head_json":{"title":"T\u00e2mega Group - T\u00e2mega Engineering","description":"A T\u00e2mega Engineering \u00e9 uma empresa que faz parte do T\u00e2mega Group","robots":{"index":"index","follow":"follow","max-snippet":"max-snippet:-1","max-image-preview":"max-image-preview:large","max-video-preview":"max-video-preview:-1"},"canonical":"https:\/\/ctamega.pt\/index.php\/tamega-group\/","og_locale":"pt_PT","og_type":"article","og_title":"T\u00e2mega Group - T\u00e2mega Engineering","og_description":"A T\u00e2mega Engineering \u00e9 uma empresa que faz parte do T\u00e2mega Group","og_url":"https:\/\/ctamega.pt\/index.php\/tamega-group\/","og_site_name":"T\u00e2mega Engineering","article_modified_time":"2021-05-19T13:58:10+00:00","twitter_card":"summary_large_image","twitter_misc":{"Tempo estimado de leitura":"1 minuto"},"schema":{"@context":"https:\/\/schema.org","@graph":[{"@type":"WebPage","@id":"https:\/\/ctamega.pt\/index.php\/tamega-group\/","url":"https:\/\/ctamega.pt\/index.php\/tamega-group\/","name":"T\u00e2mega Group - T\u00e2mega Engineering","isPartOf":{"@id":"http:\/\/ctamega.pt\/#website"},"datePublished":"2016-02-03T16:57:13+00:00","dateModified":"2021-05-19T13:58:10+00:00","description":"A T\u00e2mega Engineering \u00e9 uma empresa que faz parte do T\u00e2mega Group","breadcrumb":{"@id":"https:\/\/ctamega.pt\/index.php\/tamega-group\/#breadcrumb"},"inLanguage":"pt-PT","potentialAction":[{"@type":"ReadAction","target":["https:\/\/ctamega.pt\/index.php\/tamega-group\/"]}]},{"@type":"BreadcrumbList","@id":"https:\/\/ctamega.pt\/index.php\/tamega-group\/#breadcrumb","itemListElement":[{"@type":"ListItem","position":1,"name":"Home","item":"http:\/\/ctamega.pt\/"},{"@type":"ListItem","position":2,"name":"T\u00e2mega Group"}]},{"@type":"WebSite","@id":"http:\/\/ctamega.pt\/#website","url":"http:\/\/ctamega.pt\/","name":"T\u00e2mega Engineering","description":"Construction Renovation Theme","publisher":{"@id":"http:\/\/ctamega.pt\/#organization"},"potentialAction":[{"@type":"SearchAction","target":{"@type":"EntryPoint","urlTemplate":"http:\/\/ctamega.pt\/?s={search_term_string}"},"query-input":{"@type":"PropertyValueSpecification","valueRequired":true,"valueName":"search_term_string"}}],"inLanguage":"pt-PT"},{"@type":"Organization","@id":"http:\/\/ctamega.pt\/#organization","name":"Construtora do T\u00e2mega","url":"http:\/\/ctamega.pt\/","logo":{"@type":"ImageObject","inLanguage":"pt-PT","@id":"http:\/\/ctamega.pt\/#\/schema\/logo\/image\/","url":"http:\/\/ctamega.pt\/wp-content\/uploads\/2016\/03\/Construtora-do-T\u00e2mega-Logo_Tamanho-pequeno.png","contentUrl":"http:\/\/ctamega.pt\/wp-content\/uploads\/2016\/03\/Construtora-do-T\u00e2mega-Logo_Tamanho-pequeno.png","width":736,"height":297,"caption":"Construtora do T\u00e2mega"},"image":{"@id":"http:\/\/ctamega.pt\/#\/schema\/logo\/image\/"},"sameAs":["https:\/\/www.linkedin.com\/company\/construtora-do-tamega-s-a-?trk=company_logo"]}]}},"_links":{"self":[{"href":"https:\/\/ctamega.pt\/index.php\/wp-json\/wp\/v2\/pages\/714","targetHints":{"allow":["GET"]}}],"collection":[{"href":"https:\/\/ctamega.pt\/index.php\/wp-json\/wp\/v2\/pages"}],"about":[{"href":"https:\/\/ctamega.pt\/index.php\/wp-json\/wp\/v2\/types\/page"}],"author":[{"embeddable":true,"href":"https:\/\/ctamega.pt\/index.php\/wp-json\/wp\/v2\/users\/7"}],"replies":[{"embeddable":true,"href":"https:\/\/ctamega.pt\/index.php\/wp-json\/wp\/v2\/comments?post=714"}],"version-history":[{"count":4,"href":"https:\/\/ctamega.pt\/index.php\/wp-json\/wp\/v2\/pages\/714\/revisions"}],"predecessor-version":[{"id":2243,"href":"https:\/\/ctamega.pt\/index.php\/wp-json\/wp\/v2\/pages\/714\/revisions\/2243"}],"wp:attachment":[{"href":"https:\/\/ctamega.pt\/index.php\/wp-json\/wp\/v2\/media?parent=714"}],"curies":[{"name":"wp","href":"https:\/\/api.w.org\/{rel}","templated":true}]}}