{"id":706,"date":"2016-02-03T16:56:26","date_gmt":"2016-02-03T16:56:26","guid":{"rendered":"http:\/\/localhost\/ctamega\/?page_id=706"},"modified":"2021-05-19T15:33:18","modified_gmt":"2021-05-19T14:33:18","slug":"construtora-do-tamega","status":"publish","type":"page","link":"http:\/\/ctamega.pt\/index.php\/construtora-do-tamega\/","title":{"rendered":"Apresenta\u00e7\u00e3o"},"content":{"rendered":"<p>[vc_row type=&#8221;full-width&#8221;][vc_column][rev_slider_vc alias=&#8221;apresentacao&#8221;][\/vc_column][\/vc_row][vc_row top_margin=&#8221;page-margin-top-section&#8221;][vc_column]<h2 class=\"box-header\">T\u00c2MEGA ENGINEERING<\/h2>[\/vc_column][\/vc_row][vc_row top_margin=&#8221;page-margin-top&#8221;][vc_column css=&#8221;.vc_custom_1431078135839{margin-top: 40px !important;}&#8221;]<div class=\"feature-item\"><p><\/p>\n<div style=\"text-align: justify;\">\n<p>Fundada em Janeiro de 1946 em Amarante, distrito do Porto, a <strong>T\u00e2mega Engineering<\/strong>, antiga Construtora do T\u00e2mega<strong>,<\/strong> \u00e9 uma das empresas de refer\u00eancia no setor de Constru\u00e7\u00e3o Civil e das Obras P\u00fablicas em Portugal, contando igualmente com um vasto curr\u00edculo de projetos realizados em v\u00e1rias partes do mundo.<\/p>\n<p>Desde h\u00e1 70 anos, a sua atividade tem vindo a diversificar-se, sendo respons\u00e1vel pela execu\u00e7\u00e3o de empreendimentos nas mais diversas \u00e1reas, como a dos transportes, habita\u00e7\u00e3o, com\u00e9rcio, desporto, ind\u00fastria e turismo. V\u00e1rias destas obras foram reconhecidas pela Ordem dos Engenheiros como expressivas do melhor que a engenharia produziu no s\u00e9culo XX. Em 2007, a Construtora do T\u00e2mega foi adquirida pelo <strong>T\u00e2meg<\/strong>a <strong>Group<\/strong>\u00a0e atualmente como <strong>T\u00e2mega Engineering<\/strong> exerce atividades em Portugal, Cabo Verde, Angola, Mo\u00e7ambique, e Congo-Brazzaville, tendo aberto recentemente uma delega\u00e7\u00e3o na Nig\u00e9ria.<\/p>\n<p>A<strong> T\u00e2mega Engineering\u00a0<\/strong>\u00e9 a\u00a0parceira ideal para conceber, construir e operar em todas as \u00e1reas de atividade, desde infraestruturas, transporte, obras mar\u00edtimas, projetos de constru\u00e7\u00e3o civil e industrial, barragens e centrais de energia, ambiente e sistemas de gest\u00e3o de \u00e1gua.<\/p>\n<p>Um dos melhores exemplos a comprovar a voca\u00e7\u00e3o da <strong>T\u00e2mega Engineering<\/strong> em acrescentar valor aos seus Clientes, \u00e9 o da proximidade em recorrer a outras empresas do <a href=\"http:\/\/tamegagroup.com\/\">T\u00e2mega Group<\/a> com voca\u00e7\u00e3o diferenciada, como \u00e9 o caso da <a href=\"http:\/\/iberinstal.pt\/\">Iberinstal \u2013 Instala\u00e7\u00f5es T\u00e9cnicas, S.A.<\/a>, no que se refere especificamente \u00e0s suas compet\u00eancias na \u00e1rea das instala\u00e7\u00f5es t\u00e9cnicas especiais.<\/p>\n<p>A <a href=\"http:\/\/iberinstal.pt\/\" target=\"_blank\" rel=\"noopener noreferrer\">Iberinstal<\/a> \u00e9 atualmente um dos principais <em>players<\/em> de refer\u00eancia no sector de Instala\u00e7\u00f5es El\u00e9tricas, Comunica\u00e7\u00f5es, Seguran\u00e7a e Gest\u00e3o T\u00e9cnica, dispondo de um vasto <em>curriculum<\/em> de obras de elevada dimens\u00e3o e de grande complexidade, a que d\u00e1 resposta\u00a0com uma equipa de especialistas altamente competentes e experientes.<\/p>\n<\/div>\n<p><\/p><\/div>[\/vc_column][\/vc_row]<\/p>\n","protected":false},"excerpt":{"rendered":"<p>[vc_row type=&#8221;full-width&#8221;][vc_column][rev_slider_vc alias=&#8221;apresentacao&#8221;][\/vc_column][\/vc_row][vc_row top_margin=&#8221;page-margin-top-section&#8221;][vc_column][\/vc_column][\/vc_row][vc_row top_margin=&#8221;page-margin-top&#8221;][vc_column css=&#8221;.vc_custom_1431078135839{margin-top: 40px !important;}&#8221;][\/vc_column][\/vc_row]<\/p>\n","protected":false},"author":7,"featured_media":0,"parent":0,"menu_order":0,"comment_status":"closed","ping_status":"closed","template":"template-default-without-breadcrumbs.php","meta":{"_exactmetrics_skip_tracking":false,"_exactmetrics_sitenote_active":false,"_exactmetrics_sitenote_note":"","_exactmetrics_sitenote_category":0,"footnotes":""},"class_list":["post-706","page","type-page","status-publish","hentry"],"yoast_head":"<!-- This site is optimized with the Yoast SEO plugin v24.7 - https:\/\/yoast.com\/wordpress\/plugins\/seo\/ -->\n<title>Apresenta\u00e7\u00e3o - T\u00e2mega Engineering<\/title>\n<meta name=\"description\" content=\"H\u00e1 70 anos que a Construtora do T\u00e2mega \u00e9 uma das empresas de refer\u00eancia no setor de Constru\u00e7\u00e3o Civil e das Obras P\u00fablicas em Portugal.\" \/>\n<meta name=\"robots\" content=\"index, follow, max-snippet:-1, max-image-preview:large, max-video-preview:-1\" \/>\n<link rel=\"canonical\" href=\"http:\/\/ctamega.pt\/index.php\/construtora-do-tamega\/\" \/>\n<meta property=\"og:locale\" content=\"pt_PT\" \/>\n<meta property=\"og:type\" content=\"article\" \/>\n<meta property=\"og:title\" content=\"Apresenta\u00e7\u00e3o - T\u00e2mega Engineering\" \/>\n<meta property=\"og:description\" content=\"H\u00e1 70 anos que a Construtora do T\u00e2mega \u00e9 uma das empresas de refer\u00eancia no setor de Constru\u00e7\u00e3o Civil e das Obras P\u00fablicas em Portugal.\" \/>\n<meta property=\"og:url\" content=\"http:\/\/ctamega.pt\/index.php\/construtora-do-tamega\/\" \/>\n<meta property=\"og:site_name\" content=\"T\u00e2mega Engineering\" \/>\n<meta property=\"article:modified_time\" content=\"2021-05-19T14:33:18+00:00\" \/>\n<meta name=\"twitter:card\" content=\"summary_large_image\" \/>\n<meta name=\"twitter:label1\" content=\"Tempo estimado de leitura\" \/>\n\t<meta name=\"twitter:data1\" content=\"2 minutos\" \/>\n<script type=\"application\/ld+json\" class=\"yoast-schema-graph\">{\"@context\":\"https:\/\/schema.org\",\"@graph\":[{\"@type\":\"WebPage\",\"@id\":\"http:\/\/ctamega.pt\/index.php\/construtora-do-tamega\/\",\"url\":\"http:\/\/ctamega.pt\/index.php\/construtora-do-tamega\/\",\"name\":\"Apresenta\u00e7\u00e3o - T\u00e2mega Engineering\",\"isPartOf\":{\"@id\":\"http:\/\/ctamega.pt\/#website\"},\"datePublished\":\"2016-02-03T16:56:26+00:00\",\"dateModified\":\"2021-05-19T14:33:18+00:00\",\"description\":\"H\u00e1 70 anos que a Construtora do T\u00e2mega \u00e9 uma das empresas de refer\u00eancia no setor de Constru\u00e7\u00e3o Civil e das Obras P\u00fablicas em Portugal.\",\"breadcrumb\":{\"@id\":\"http:\/\/ctamega.pt\/index.php\/construtora-do-tamega\/#breadcrumb\"},\"inLanguage\":\"pt-PT\",\"potentialAction\":[{\"@type\":\"ReadAction\",\"target\":[\"http:\/\/ctamega.pt\/index.php\/construtora-do-tamega\/\"]}]},{\"@type\":\"BreadcrumbList\",\"@id\":\"http:\/\/ctamega.pt\/index.php\/construtora-do-tamega\/#breadcrumb\",\"itemListElement\":[{\"@type\":\"ListItem\",\"position\":1,\"name\":\"Home\",\"item\":\"https:\/\/ctamega.pt\/\"},{\"@type\":\"ListItem\",\"position\":2,\"name\":\"Apresenta\u00e7\u00e3o\"}]},{\"@type\":\"WebSite\",\"@id\":\"http:\/\/ctamega.pt\/#website\",\"url\":\"http:\/\/ctamega.pt\/\",\"name\":\"T\u00e2mega Engineering\",\"description\":\"Construction Renovation Theme\",\"publisher\":{\"@id\":\"http:\/\/ctamega.pt\/#organization\"},\"potentialAction\":[{\"@type\":\"SearchAction\",\"target\":{\"@type\":\"EntryPoint\",\"urlTemplate\":\"http:\/\/ctamega.pt\/?s={search_term_string}\"},\"query-input\":{\"@type\":\"PropertyValueSpecification\",\"valueRequired\":true,\"valueName\":\"search_term_string\"}}],\"inLanguage\":\"pt-PT\"},{\"@type\":\"Organization\",\"@id\":\"http:\/\/ctamega.pt\/#organization\",\"name\":\"Construtora do T\u00e2mega\",\"url\":\"http:\/\/ctamega.pt\/\",\"logo\":{\"@type\":\"ImageObject\",\"inLanguage\":\"pt-PT\",\"@id\":\"http:\/\/ctamega.pt\/#\/schema\/logo\/image\/\",\"url\":\"http:\/\/ctamega.pt\/wp-content\/uploads\/2016\/03\/Construtora-do-T\u00e2mega-Logo_Tamanho-pequeno.png\",\"contentUrl\":\"http:\/\/ctamega.pt\/wp-content\/uploads\/2016\/03\/Construtora-do-T\u00e2mega-Logo_Tamanho-pequeno.png\",\"width\":736,\"height\":297,\"caption\":\"Construtora do T\u00e2mega\"},\"image\":{\"@id\":\"http:\/\/ctamega.pt\/#\/schema\/logo\/image\/\"},\"sameAs\":[\"https:\/\/www.linkedin.com\/company\/construtora-do-tamega-s-a-?trk=company_logo\"]}]}<\/script>\n<!-- \/ Yoast SEO plugin. -->","yoast_head_json":{"title":"Apresenta\u00e7\u00e3o - T\u00e2mega Engineering","description":"H\u00e1 70 anos que a Construtora do T\u00e2mega \u00e9 uma das empresas de refer\u00eancia no setor de Constru\u00e7\u00e3o Civil e das Obras P\u00fablicas em Portugal.","robots":{"index":"index","follow":"follow","max-snippet":"max-snippet:-1","max-image-preview":"max-image-preview:large","max-video-preview":"max-video-preview:-1"},"canonical":"http:\/\/ctamega.pt\/index.php\/construtora-do-tamega\/","og_locale":"pt_PT","og_type":"article","og_title":"Apresenta\u00e7\u00e3o - T\u00e2mega Engineering","og_description":"H\u00e1 70 anos que a Construtora do T\u00e2mega \u00e9 uma das empresas de refer\u00eancia no setor de Constru\u00e7\u00e3o Civil e das Obras P\u00fablicas em Portugal.","og_url":"http:\/\/ctamega.pt\/index.php\/construtora-do-tamega\/","og_site_name":"T\u00e2mega Engineering","article_modified_time":"2021-05-19T14:33:18+00:00","twitter_card":"summary_large_image","twitter_misc":{"Tempo estimado de leitura":"2 minutos"},"schema":{"@context":"https:\/\/schema.org","@graph":[{"@type":"WebPage","@id":"http:\/\/ctamega.pt\/index.php\/construtora-do-tamega\/","url":"http:\/\/ctamega.pt\/index.php\/construtora-do-tamega\/","name":"Apresenta\u00e7\u00e3o - T\u00e2mega Engineering","isPartOf":{"@id":"http:\/\/ctamega.pt\/#website"},"datePublished":"2016-02-03T16:56:26+00:00","dateModified":"2021-05-19T14:33:18+00:00","description":"H\u00e1 70 anos que a Construtora do T\u00e2mega \u00e9 uma das empresas de refer\u00eancia no setor de Constru\u00e7\u00e3o Civil e das Obras P\u00fablicas em Portugal.","breadcrumb":{"@id":"http:\/\/ctamega.pt\/index.php\/construtora-do-tamega\/#breadcrumb"},"inLanguage":"pt-PT","potentialAction":[{"@type":"ReadAction","target":["http:\/\/ctamega.pt\/index.php\/construtora-do-tamega\/"]}]},{"@type":"BreadcrumbList","@id":"http:\/\/ctamega.pt\/index.php\/construtora-do-tamega\/#breadcrumb","itemListElement":[{"@type":"ListItem","position":1,"name":"Home","item":"https:\/\/ctamega.pt\/"},{"@type":"ListItem","position":2,"name":"Apresenta\u00e7\u00e3o"}]},{"@type":"WebSite","@id":"http:\/\/ctamega.pt\/#website","url":"http:\/\/ctamega.pt\/","name":"T\u00e2mega Engineering","description":"Construction Renovation Theme","publisher":{"@id":"http:\/\/ctamega.pt\/#organization"},"potentialAction":[{"@type":"SearchAction","target":{"@type":"EntryPoint","urlTemplate":"http:\/\/ctamega.pt\/?s={search_term_string}"},"query-input":{"@type":"PropertyValueSpecification","valueRequired":true,"valueName":"search_term_string"}}],"inLanguage":"pt-PT"},{"@type":"Organization","@id":"http:\/\/ctamega.pt\/#organization","name":"Construtora do T\u00e2mega","url":"http:\/\/ctamega.pt\/","logo":{"@type":"ImageObject","inLanguage":"pt-PT","@id":"http:\/\/ctamega.pt\/#\/schema\/logo\/image\/","url":"http:\/\/ctamega.pt\/wp-content\/uploads\/2016\/03\/Construtora-do-T\u00e2mega-Logo_Tamanho-pequeno.png","contentUrl":"http:\/\/ctamega.pt\/wp-content\/uploads\/2016\/03\/Construtora-do-T\u00e2mega-Logo_Tamanho-pequeno.png","width":736,"height":297,"caption":"Construtora do T\u00e2mega"},"image":{"@id":"http:\/\/ctamega.pt\/#\/schema\/logo\/image\/"},"sameAs":["https:\/\/www.linkedin.com\/company\/construtora-do-tamega-s-a-?trk=company_logo"]}]}},"_links":{"self":[{"href":"http:\/\/ctamega.pt\/index.php\/wp-json\/wp\/v2\/pages\/706","targetHints":{"allow":["GET"]}}],"collection":[{"href":"http:\/\/ctamega.pt\/index.php\/wp-json\/wp\/v2\/pages"}],"about":[{"href":"http:\/\/ctamega.pt\/index.php\/wp-json\/wp\/v2\/types\/page"}],"author":[{"embeddable":true,"href":"http:\/\/ctamega.pt\/index.php\/wp-json\/wp\/v2\/users\/7"}],"replies":[{"embeddable":true,"href":"http:\/\/ctamega.pt\/index.php\/wp-json\/wp\/v2\/comments?post=706"}],"version-history":[{"count":7,"href":"http:\/\/ctamega.pt\/index.php\/wp-json\/wp\/v2\/pages\/706\/revisions"}],"predecessor-version":[{"id":2247,"href":"http:\/\/ctamega.pt\/index.php\/wp-json\/wp\/v2\/pages\/706\/revisions\/2247"}],"wp:attachment":[{"href":"http:\/\/ctamega.pt\/index.php\/wp-json\/wp\/v2\/media?parent=706"}],"curies":[{"name":"wp","href":"https:\/\/api.w.org\/{rel}","templated":true}]}}